{"id":762,"date":"2024-11-22T14:46:24","date_gmt":"2024-11-22T13:46:24","guid":{"rendered":"https:\/\/meikegottschalk.de\/traurednerin\/?page_id=762"},"modified":"2024-11-22T14:47:28","modified_gmt":"2024-11-22T13:47:28","slug":"schauspielerin","status":"publish","type":"page","link":"https:\/\/meikegottschalk.de\/traurednerin\/schauspielerin\/","title":{"rendered":"Schauspielerin"},"content":{"rendered":"<h1>Meike Gottschalk \u2013 Schauspielerin mit Herz und Hingabe<\/h1>\n<p><img loading=\"lazy\" decoding=\"async\" class=\"size-large wp-image-764 alignright\" src=\"https:\/\/meikegottschalk.de\/traurednerin\/wp-content\/uploads\/2024\/11\/Meike-Gottschalk-768x1024.jpg\" alt=\"\" width=\"768\" height=\"1024\" srcset=\"https:\/\/meikegottschalk.de\/traurednerin\/wp-content\/uploads\/2024\/11\/Meike-Gottschalk-768x1024.jpg 768w, https:\/\/meikegottschalk.de\/traurednerin\/wp-content\/uploads\/2024\/11\/Meike-Gottschalk-225x300.jpg 225w, https:\/\/meikegottschalk.de\/traurednerin\/wp-content\/uploads\/2024\/11\/Meike-Gottschalk-1152x1536.jpg 1152w, https:\/\/meikegottschalk.de\/traurednerin\/wp-content\/uploads\/2024\/11\/Meike-Gottschalk.jpg 1350w\" sizes=\"auto, (max-width: 768px) 100vw, 768px\" \/>Hallo, ich bin Meike Gottschalk, Schauspielerin mit Leidenschaft und einer tiefen Liebe f\u00fcr das Erz\u00e4hlen von Geschichten. Geboren am 2. November 1970 in Hamburg, lebe ich heute in K\u00f6ln und bin deutschlandweit f\u00fcr Film, Fernsehen und Theater t\u00e4tig. Mit meiner vielseitigen Erfahrung und meinem Engagement bringe ich Charaktere authentisch und lebendig auf die B\u00fchne und vor die Kamera.<\/p>\n<h2>Mein Profil<\/h2>\n<p>Ich bin 170 cm gro\u00df, schlank und mit meinem mitteleurop\u00e4ischen Erscheinungsbild vielseitig einsetzbar. Mit blonden, mittellangen Haaren, blau-grauen Augen und einem Spielalter von 44 bis 52 Jahren bin ich sowohl f\u00fcr moderne als auch klassische Rollen geeignet. Neben meiner Muttersprache Deutsch spreche ich flie\u00dfend Englisch und bringe zudem einen authentischen Hamburger Akzent mit.<\/p>\n<p>Musikalisch bin ich ebenfalls vielseitig: Als Sopran performe ich Rock- und Pop-Songs auf professionellem Niveau. Meine Instrumentenkenntnisse umfassen Cello (gut), Gitarre (gut) und Klavier (Grundkenntnisse). Diese F\u00e4higkeiten erweitern mein Repertoire und erm\u00f6glichen es mir, Rollen mit musikalischem Anspruch zu \u00fcbernehmen.<\/p>\n<h2>Mein Werdegang<\/h2>\n<p>Meine Karriere begann auf der Theaterb\u00fchne, wo ich erste Erfolge feierte. Doch schnell zog es mich auch vor die Kamera, wo ich meine Vielseitigkeit und mein Einf\u00fchlungsverm\u00f6gen in zahlreichen Produktionen unter Beweis stellte. Meine erste gro\u00dfe Rolle spielte ich in der beliebten ARD-Serie <strong>\u201eVerbotene Liebe\u201c<\/strong>, in der ich von 1995 bis 1998 ein Millionenpublikum begeisterte.<\/p>\n<p>Seitdem habe ich in einer Vielzahl von Film- und Fernsehproduktionen mitgewirkt und meine Vita um eindrucksvolle Projekte erweitert:<\/p>\n<h3>Film und Fernsehen<\/h3>\n<ul>\n<li><strong>2014:<\/strong> \u201eAlarm f\u00fcr Cobra 11 \u2013 Die Autobahnpolizei\u201c, TV-Serie, RTL, Regie: Franco Tozza<\/li>\n<li><strong>2014:<\/strong> \u201eToro\u201c, Kinospielfilm, Regie: Martin Hawie<\/li>\n<li><strong>2014:<\/strong> \u201eAktenzeichen XY &#8230; ungel\u00f6st\u201c, TV-Magazin, ZDF, Regie: Peter Ladkani<\/li>\n<li><strong>2013:<\/strong> \u201eDer Weihnachtskrieg\u201c, TV-Film, SAT.1, Regie: Oliver Dommenget<\/li>\n<li><strong>2013:<\/strong> \u201eAnti Cupido\u201c, Kurzspielfilm, Regie: Andreas Pakull<\/li>\n<li><strong>2013:<\/strong> \u201eHappy End?!\u201c, Spielfilm, Regie: Petra Clever<\/li>\n<li><strong>2011:<\/strong> \u201eThe Mermaids\u201c, Kurzspielfilm, Regie: Petra Clever<\/li>\n<li><strong>2011:<\/strong> \u201eLena \u2013 Liebe meines Lebens\u201c, TV-Serie, ZDF<\/li>\n<li><strong>2009:<\/strong> \u201e4 Singles\u201c, TV-Serie, RTL, Regie: Erik Polls<\/li>\n<li><strong>2009:<\/strong> \u201eEmma Stahl\u201c, Teaser (Serienkonzept), Regie: Uwe Repschl\u00e4ger<\/li>\n<li><strong>2008:<\/strong> \u201e4 Singles\u201c, TV-Serie, RTL, Regie: Dirk Nabersberg<\/li>\n<li><strong>2008:<\/strong> \u201e112 \u2013 Sie retten Dein Leben\u201c, TV-Serie, RTL, Regie: Franco Tozza<\/li>\n<li><strong>2007:<\/strong> \u201eEin Fall f\u00fcr B.A.R.Z.\u201c, TV-Serie, SWR, Regie: Jochen Nitsch<\/li>\n<li><strong>2006:<\/strong> \u201eKommissar Stolberg\u201c, TV-Serie, ZDF, Regie: Michael Schneider<\/li>\n<li><strong>2005:<\/strong> \u201eVerbotene Liebe\u201c, TV-Serie, ARD<\/li>\n<li><strong>2003:<\/strong> \u201eDie Wache\u201c, TV-Serie, RTL, Regie: Carsten Meyer-Grohbr\u00fcgge<\/li>\n<li><strong>2002:<\/strong> \u201eTatort \u2013 Rosenholz\u201c, TV-Film, RBB, Regie: Peter Ristau<\/li>\n<li><strong>2002:<\/strong> \u201eHappy Holidays\u201c, Kurzspielfilm, Regie: Thorsten Levin<\/li>\n<li><strong>2002:<\/strong> \u201eAxel!\u201c, TV-Serie, SAT.1, Regie: Christian Theede<\/li>\n<li><strong>2001:<\/strong> \u201eAlarm f\u00fcr Cobra 11 \u2013 Die Autobahnpolizei\u201c, TV-Serie, RTL, Regie: Carmen Kurz<\/li>\n<li><strong>1999:<\/strong> \u201eFreunde f\u00fcrs Leben\u201c, TV-Serie, ZDF, Regie: Gero Erhardt<\/li>\n<li><strong>1999:<\/strong> \u201eDie Rettungsflieger\u201c, TV-Serie, ZDF, Regie: Hans Werner<\/li>\n<li><strong>1999:<\/strong> \u201eH\u00f6llische Nachbarn\u201c, TV-Serie, RTL, Regie: Joris Hermans<\/li>\n<li><strong>1998:<\/strong> \u201e\u00c4rzte: Hoffnung f\u00fcr Julia\u201c, TV-Film, MDR, Regie: Bernhard Stephan<\/li>\n<li><strong>1997:<\/strong> \u201eAlarm f\u00fcr Cobra 11 \u2013 Die Autobahnpolizei\u201c, TV-Serie, RTL, Regie: Hans Sch\u00f6nherr<\/li>\n<li><strong>1997:<\/strong> \u201eSOKO 5113\u201c, TV-Serie, ZDF, Regie: Klaus Witting<\/li>\n<li><strong>1996:<\/strong> \u201eVerbotene Liebe\u201c, TV-Serie, ARD, Regie: Christoph Kl\u00fcnker<\/li>\n<li><strong>1995:<\/strong> \u201eVerbotene Liebe\u201c, TV-Serie, ARD, Regie: Hans Sch\u00f6nherr<\/li>\n<\/ul>\n<h3>Theater<\/h3>\n<p>Neben meinen Arbeiten vor der Kamera ist die Theaterb\u00fchne eine zweite Heimat f\u00fcr mich. Ich durfte in renommierten H\u00e4usern wie dem St. Pauli Theater in Hamburg, dem Millowitsch Theater in K\u00f6ln und vielen weiteren meine F\u00e4higkeiten unter Beweis stellen.<\/p>\n<h4>Meine Leidenschaft<\/h4>\n<p>Ich liebe es, in Geschichten einzutauchen und Figuren Leben einzuhauchen. Ob Drama, Action oder Kom\u00f6die \u2013 jede Rolle ist eine neue Herausforderung und ein Abenteuer, das ich mit Hingabe annehme. Durch meine langj\u00e4hrige Erfahrung auf der B\u00fchne und vor der Kamera bringe ich das n\u00f6tige Feingef\u00fchl und die Professionalit\u00e4t mit, um jede Rolle einzigartig und authentisch zu gestalten.<\/p>\n<p>Mit Freude und Leidenschaft m\u00f6chte ich weiterhin Menschen ber\u00fchren, inspirieren und spannende Projekte umsetzen \u2013 egal ob auf der B\u00fchne oder vor der Kamera.<\/p>\n","protected":false},"excerpt":{"rendered":"<p>Meike Gottschalk \u2013 Schauspielerin mit Herz und Hingabe Hallo, ich bin Meike Gottschalk, Schauspielerin mit Leidenschaft und einer tiefen Liebe f\u00fcr das Erz\u00e4hlen von Geschichten. Geboren am 2. November 1970 in Hamburg, lebe ich heute in K\u00f6ln und bin deutschlandweit f\u00fcr Film, Fernsehen und Theater t\u00e4tig. Mit meiner vielseitigen Erfahrung und meinem Engagement bringe ich&hellip;&nbsp;<a href=\"https:\/\/meikegottschalk.de\/traurednerin\/schauspielerin\/\" rel=\"bookmark\">Mehr lesen &raquo;<span class=\"screen-reader-text\">Schauspielerin<\/span><\/a><\/p>\n","protected":false},"author":1,"featured_media":0,"parent":0,"menu_order":0,"comment_status":"closed","ping_status":"closed","template":"","meta":{"neve_meta_sidebar":"","neve_meta_container":"","neve_meta_enable_content_width":"off","neve_meta_content_width":100,"neve_meta_title_alignment":"","neve_meta_author_avatar":"","neve_post_elements_order":"","neve_meta_disable_header":"","neve_meta_disable_footer":"","neve_meta_disable_title":"","neve_meta_reading_time":"","footnotes":""},"class_list":["post-762","page","type-page","status-publish","hentry"],"aioseo_notices":[],"_links":{"self":[{"href":"https:\/\/meikegottschalk.de\/traurednerin\/wp-json\/wp\/v2\/pages\/762","targetHints":{"allow":["GET"]}}],"collection":[{"href":"https:\/\/meikegottschalk.de\/traurednerin\/wp-json\/wp\/v2\/pages"}],"about":[{"href":"https:\/\/meikegottschalk.de\/traurednerin\/wp-json\/wp\/v2\/types\/page"}],"author":[{"embeddable":true,"href":"https:\/\/meikegottschalk.de\/traurednerin\/wp-json\/wp\/v2\/users\/1"}],"replies":[{"embeddable":true,"href":"https:\/\/meikegottschalk.de\/traurednerin\/wp-json\/wp\/v2\/comments?post=762"}],"version-history":[{"count":2,"href":"https:\/\/meikegottschalk.de\/traurednerin\/wp-json\/wp\/v2\/pages\/762\/revisions"}],"predecessor-version":[{"id":765,"href":"https:\/\/meikegottschalk.de\/traurednerin\/wp-json\/wp\/v2\/pages\/762\/revisions\/765"}],"wp:attachment":[{"href":"https:\/\/meikegottschalk.de\/traurednerin\/wp-json\/wp\/v2\/media?parent=762"}],"curies":[{"name":"wp","href":"https:\/\/api.w.org\/{rel}","templated":true}]}}